{"id":232,"date":"2025-02-17T08:16:58","date_gmt":"2025-02-17T07:16:58","guid":{"rendered":"http:\/\/pinbwlodawa.cba.pl\/?page_id=232"},"modified":"2025-04-11T09:50:27","modified_gmt":"2025-04-11T07:50:27","slug":"jak-przekazac-do-urzedu-podpisany-wniosek-skarge-lub-inne-pismo","status":"publish","type":"page","link":"https:\/\/www.pinbwlodawa.pl\/?page_id=232","title":{"rendered":"Jak przekaza\u0107 do Urz\u0119du podpisany wniosek skarg\u0119 lub inne pismo"},"content":{"rendered":"\n\n<div class=\"gsp_post_data\" data-post_type=\"page\" data-cat=\"\" data-modified=\"120\" data-title=\"Jak przekaza\u0107 do Urz\u0119du podpisany wniosek skarg\u0119 lub inne pismo\" data-home=\"https:\/\/www.pinbwlodawa.pl\"><\/div>","protected":false},"excerpt":{"rendered":"","protected":false},"author":1,"featured_media":0,"parent":0,"menu_order":0,"comment_status":"closed","ping_status":"closed","template":"full-width","meta":{"saved_in_kubio":true,"footnotes":""},"class_list":["post-232","page","type-page","status-publish","hentry"],"kubio_ai_page_context":{"short_desc":"","purpose":"general"},"_links":{"self":[{"href":"https:\/\/www.pinbwlodawa.pl\/index.php?rest_route=\/wp\/v2\/pages\/232","targetHints":{"allow":["GET"]}}],"collection":[{"href":"https:\/\/www.pinbwlodawa.pl\/index.php?rest_route=\/wp\/v2\/pages"}],"about":[{"href":"https:\/\/www.pinbwlodawa.pl\/index.php?rest_route=\/wp\/v2\/types\/page"}],"author":[{"embeddable":true,"href":"https:\/\/www.pinbwlodawa.pl\/index.php?rest_route=\/wp\/v2\/users\/1"}],"replies":[{"embeddable":true,"href":"https:\/\/www.pinbwlodawa.pl\/index.php?rest_route=%2Fwp%2Fv2%2Fcomments&post=232"}],"version-history":[{"count":40,"href":"https:\/\/www.pinbwlodawa.pl\/index.php?rest_route=\/wp\/v2\/pages\/232\/revisions"}],"predecessor-version":[{"id":1139,"href":"https:\/\/www.pinbwlodawa.pl\/index.php?rest_route=\/wp\/v2\/pages\/232\/revisions\/1139"}],"wp:attachment":[{"href":"https:\/\/www.pinbwlodawa.pl\/index.php?rest_route=%2Fwp%2Fv2%2Fmedia&parent=232"}],"curies":[{"name":"wp","href":"https:\/\/api.w.org\/{rel}","templated":true}]}}